 -6). Let t(c) = 3*c**2 + 3*c + 17. Let w be t(o). What is the highest common factor of 41 and w?
41
Let i = 210 + 65. Calculate the greatest common factor of i and 4840.
55
Suppose -8*y - 4*a = -6*y - 2166, 0 = 2*y - 4*a - 2174. Calculate the highest common divisor of 455 and y.
35
Let c(j) = 283*j - 672. Let m be c(7). What is the highest common factor of 595 and m?
119
Suppose 113*u = 122*u - 720. Suppose -4*w = -0*w - 2*i - u, 80 = 4*w + 5*i. What is the highest common divisor of w and 340?
20
Let f = -11694 - -11834. Calculate the greatest common divisor of 5780 and f.
20
Let m be (-19501)/(-1) - (162/(-756) - 174/(-28)). Calculate the highest common factor of 14 and m.
7
Suppose -73*i = -72*i - 3. Suppose -2*y = 2*k - 220, 5*y - i*y = 5*k + 220. Let o = 26 - 16. What is the greatest common factor of o and y?
10
Suppose 26*g + 86*g - 5304 = 36584. What is the greatest common divisor of g and 550?
22
Let b = 24934 - 24609. What is the highest common divisor of 165 and b?
5
Let i = -2746 - -2900. Calculate the greatest common factor of 1771 and i.
77
Suppose 4*r + 7 = 4*f + f, -5*f + 25 = 5*r. Let x(w) = 5*w - 77. Let j be x(13). Let b be j/(-28) - (-18)/7. Calculate the greatest common divisor of b and f.
3
Let g = -35843 + 35853. Suppose 3*a - 5*a + 90 = 0. What is the highest common factor of a and g?
5
Suppose 109*o + 330 = 119*o. Let w be o + 2 + 70/10. What is the highest common factor of 12 and w?
6
Let a(q) = 243*q + 793. Let u be a(-3). Calculate the highest common divisor of u and 13536.
32
Suppose 11916*n = 11928*n - 660. What is the greatest common factor of n and 10?
5
Let z = -1718 + 1894. Calculate the highest common factor of 836 and z.
44
Let w be (1/3)/(5/(-420)*-1). Let l be (7/42*w)/((-2)/(-33)). Calculate the greatest common factor of l and 7.
7
Suppose 2 = 2*j + 8. Let p = j + 41. Suppose 0 = -89*y + 108*y - 7942. What is the greatest common factor of p and y?
38
Let a be (130/(-3))/((-198)/1485). What is the highest common factor of 150 and a?
25
Let h(m) be the first derivative of 6*m**2 - 12. Let b be h(-1). Let f be (-17)/(-2) - (-6)/b. What is the greatest common factor of f and 4?
4
Suppose 5*r - 392 - 1278 = 5*i, -2*i + 1032 = 3*r. What is the highest common factor of 1564 and r?
68
Let f = 0 + 4. Let k be 105 - 3/(27/117). Calculate the greatest common divisor of f and k.
4
Let h(t) = 54*t - 154. Let n be h(3). Let q be 1/(1*(-3)/(-81)). Suppose r = a + q, 5*r - 25 - 98 = a. What is the greatest common divisor of r and n?
8
Let x be (-8)/((-72)/351) - -3. Let w be -1*(3 - 1)*-27. What is the greatest common factor of w and x?
6
Suppose -k - 3*i + 3590 = -2329, 3*i - 15 = 0. What is the greatest common divisor of k and 41?
41
Let p = 22 + 66. Let l be (-6)/(-10) + 2285/25. Suppose 0 = 2*f + 3*v + v - p, 3*f - 2*v = l. What is the highest common factor of f and 85?
17
Suppose -w + 7 + 4 = 0. Let v(c) = -682*c - 10142. Let q be v(-15). What is the highest common divisor of w and q?
11
Let n(v) = -v**2 + 22*v - 113. Let y be n(15). Let u be (-3)/6*y + (31 - 7). What is the greatest common factor of u and 476?
28
Suppose -2*d - 27 = 3*f - 3*d, -5*d = 0. Let q(n) = -5*n - 36. Let a be q(f). Calculate the highest common factor of 207 and a.
9
Suppose -36*j + 1746 = -30*j. Suppose -7*q + j = -360. Calculate the highest common divisor of q and 248.
31
Let c(v) = 3*v**2 + 20*v + 53. Let m be c(-7). Suppose 10*t - 27 = 153. What is the greatest common divisor of t and m?
6
Suppose 3*a - 5*w - 23099 = 0, 2*w - 23267 = -3*a - 196. What is the highest common factor of a and 49?
49
Suppose -7*i + 4*t = -183, -15 = -2*i + 19*t - 22*t. Let w(d) = -2*d + 8. Let x be w(-8). What is the highest common factor of x and i?
3
Let m be 8/8 + -7 - -358. Suppose -5*s = m - 452. What is the highest common factor of 140 and s?
20
Let c be (-79905)/60*8/(-2). Calculate the highest common divisor of c and 7.
7
Let b be 228/(-18)*6/(-4). What is the highest common divisor of 1691 and b?
19
Let p(n) = n**3 + 19*n**2 - 8*n + 34. Let f be p(-19). Suppose -937*d + 943*d = f. What is the highest common divisor of 496 and d?
31
Let v(t) = -t**3 + 17*t**2 + 39*t + 35. Let g be v(19). Calculate the highest common factor of 1314 and g.
18
Suppose 2*w + 5 = -5*p, -4*w - p + 32 = -3. Let q(s) = 22*s**2 + 2. Let n be q(-2). Calculate the greatest common factor of w and n.
10
Suppose -4043*g - 192 = -4055*g. Calculate the highest common factor of g and 4096.
16
Suppose 150 = 5*n + 5*v, 4 = -6*n - 2*v + 208. Calculate the highest common factor of 12 and n.
12
Let c = 289 + -283. Let f(b) = 3*b**2 + 4*b - 36. Let n be f(c). Calculate the greatest common factor of n and 8.
8
Suppose -16 = -g + 4*a - 74, -2*g - 4*a = 104. Let c be -1*(-1 - 3) + g + 98. Calculate the highest common factor of 32 and c.
16
Let w = -12713 + 17131. What is the greatest common factor of 376 and w?
94
Let p be (-1 - (-1372)/(-8))/(2989/98 - 31). Let r(s) = 9*s**2 + 3*s. Let y be r(-2). Calculate the highest common divisor of p and y.
15
Suppose -68*k + 3620 = 63*k - 1489. Calculate the greatest common factor of 14781 and k.
39
Let j(u) = -u**3 - 21*u**2 + 2*u + 49. Let t be j(-21). Suppose -235 = -t*o + 164. Suppose 13 = 2*c - 25. Calculate the greatest common factor of c and o.
19
Let f = 206 - 204. Suppose -i + f = 3*s, i + 5 = -4*s + 4. What is the greatest common divisor of 22 and i?
11
Suppose 47*b - 63*b + 448 = 0. Calculate the greatest common factor of 756 and b.
28
Let v = -71 - -145. Let o be 26/(-91) - v/(-14). Suppose 4*t + 20 = -0*s + 4*s, t = -o*s + 19. What is the greatest common factor of s and 28?
4
Let f = 16494 + -7160. Calculate the greatest common divisor of f and 39.
13
Let s be (-926262)/(-135) + 15 - (-1 + 22/10). What is the greatest common divisor of s and 44?
11
Let v = 142 - 109. Let h = -3 + 6. Suppose -w + 5*k + 6 = -16, -h*w + 4*k = -v. What is the highest common factor of w and 7?
7
Let j be (-198)/(-4)*700/105. Let h = j + -328. What is the highest common factor of 1 and h?
1
Let r be (2/2)/(11*(-10)/(-19580)). Let t = r - 175. Let l = 14 - 8. Calculate the highest common factor of l and t.
3
Suppose 20*l = -618 - 702. Let z = l + 186. What is the highest common divisor of 15 and z?
15
Suppose -103*b + 567 = -100*b - 2*o, 4*b = 4*o + 760. Suppose 4*j = 91 - 3. What is the highest common divisor of b and j?
11
Suppose 0 = 5*v - 19*v - 14. Let w(l) = 13*l**2 - 3*l - 2. Let g be w(v). Calculate the greatest common divisor of 140 and g.
14
Suppose -t = 2*t - 24. Let j be -6*(-2)/t*2. Let p(a) = -a**3 + 10*a**2 + 58*a + 29. Let y be p(-4). What is the highest common factor of y and j?
3
Suppose 2*c + 16 = 5*g - 0*c, -4*g = -4*c - 8. Let d be (g + -3 - 4) + 11 + -2. Let y be (-128)/(-7) + (-4)/14. What is the highest common factor of d and y?
6
Let k be -3*(-24)/(-132) + 166/22. Let w(i) = 5*i - 15 + 46 + 3*i. Let v be w(k). Calculate the greatest common divisor of 29 and v.
29
Let t = -8827 - -9067. Calculate the highest common factor of t and 1824.
48
Let i = 113 - 110. Suppose 4*x = 0, 12 = m + i*m + x. What is the greatest common factor of m and 3?
3
Suppose 4*u - 69 = -s, -2*u = -291*s + 286*s + 213. What is the highest common divisor of 1413 and s?
9
Suppose 6*x = 2*s + 5*x - 74, 2*x = -s + 47. Suppose -967 - 368 = -3*b. Let i = -419 + b. Calculate the highest common divisor of i and s.
13
Suppose 13*w + m = 14*w, w + 2*m - 6 = 0. Suppose -9*n + 14*n - 80 = 0. What is the greatest common divisor of n and w?
2
Suppose 103*y - 200*y + 964184 = 157*y. Calculate the highest common divisor of 1606 and y.
146
Let m = -12033 + 12149. What is the highest common factor of 36076 and m?
116
Let o be ((-2880)/(-126))/(-2 - (-48)/21). What is the highest common divisor of 565 and o?
5
Let r(v) = -197*v + 2022. Let h be r(6). Calculate the greatest common factor of 315 and h.
105
Suppose -54 = 9*g - 171. Let f(d) = d**2 + 10*d + 17. Let h be f(-8). What is the greatest common factor of g and h?
1
Suppose 0 = t + m, 10 = t + m - 5*m. Suppose -52 = -w + 5*z, t*w = 5*z + 124 - 15. Calculate the greatest common divisor of w and 19.
19
Let k = 6603 - 5577. Calculate the highest common factor of 2 and k.
2
Let k(m) = -4*m + 2. Let t be k(-1). Let n = -56 - 1. Let z